lculate the remainder when 5483 is divided by 363.
38
What is the remainder when 48006 is divided by 3?
0
Calculate the remainder when 4346 is divided by 1156.
878
What is the remainder when 25604 is divided by 88?
84
Calculate the remainder when 25090 is divided by 95.
10
Calculate the remainder when 69082 is divided by 11510.
22
What is the remainder when 477 is divided by 139?
60
What is the remainder when 669887 is divided by 24?
23
What is the remainder when 222373 is divided by 22237?
3
Calculate the remainder when 368 is divided by 323.
45
What is the remainder when 48017 is divided by 98?
95
Calculate the remainder when 19578 is divided by 123.
21
What is the remainder when 1100 is divided by 49?
22
Calculate the remainder when 8568 is divided by 1296.
792
Calculate the remainder when 1416 is divided by 200.
16
Calculate the remainder when 134931 is divided by 206.
1
What is the remainder when 1953661 is divided by 32?
29
Calculate the remainder when 72968 is divided by 36452.
64
Calculate the remainder when 15898 is divided by 949.
714
What is the remainder when 1083 is divided by 34?
29
Calculate the remainder when 19865 is divided by 28.
13
Calculate the remainder when 2962 is divided by 268.
14
Calculate the remainder when 4101 is divided by 8.
5
Calculate the remainder when 192412 is divided by 7400.
12
Calculate the remainder when 53862 is divided by 9.
6
Calculate the remainder when 6526 is divided by 27.
19
Calculate the remainder when 3682 is divided by 191.
53
Calculate the remainder when 57788 is divided by 11551.
33
Calculate the remainder when 17774 is divided by 17774.
0
What is the remainder when 2702 is divided by 878?
68
What is the remainder when 26426 is divided by 440?
26
What is the remainder when 912 is divided by 686?
226
Calculate the remainder when 19568 is divided by 19566.
2
What is the remainder when 1390 is divided by 98?
18
Calculate the remainder when 223366 is divided by 40.
6
What is the remainder when 2890 is divided by 401?
83
What is the remainder when 57393 is divided by 29?
2
What is the remainder when 3196 is divided by 320?
316
What is the remainder when 2924 is divided by 33?
20
What is the remainder when 66384 is divided by 1011?
669
Calculate the remainder when 32073 is divided by 16004.
65
Calculate the remainder when 11814 is divided by 393.
24
What is the remainder when 15007 is divided by 834?
829
What is the remainder when 7755 is divided by 1932?
27
What is the remainder when 457410 is divided by 11?
8
What is the remainder when 21817 is divided by 383?
369
What is the remainder when 11134 is divided by 5559?
16
What is the remainder when 245907 is divided by 3323?
5
Calculate the remainder when 329093 is divided by 73.
9
Calculate the remainder when 7875 is divided by 42.
21
Calculate the remainder when 2223 is divided by 221.
13
What is the remainder when 17917 is divided by 791?
515
What is the remainder when 35531 is divided by 33?
23
What is the remainder when 29032 is divided by 186?
16
Calculate the remainder when 2661018 is divided by 961.
9
Calculate the remainder when 2884 is divided by 13.
11
Calculate the remainder when 10249 is divided by 215.
144
What is the remainder when 222292 is divided by 31754?
14
Calculate the remainder when 5201 is divided by 2594.
13
What is the remainder when 329509 is divided by 92?
57
What is the remainder when 6380 is divided by 2072?
164
Calculate the remainder when 15704 is divided by 5170.
194
Calculate the remainder when 65568 is divided by 19.
18
What is the remainder when 1347 is divided by 421?
84
What is the remainder when 8940 is divided by 280?
260
Calculate the remainder when 93536 is divided by 136.
104
What is the remainder when 288 is divided by 76?
60
Calculate the remainder when 8228 is divided by 3879.
470
What is the remainder when 291 is divided by 37?
32
What is the remainder when 593 is divided by 73?
9
Calculate the remainder when 5845 is divided by 291.
25
Calculate the remainder when 45393 is divided by 117.
114
What is the remainder when 5106 is divided by 280?
66
What is the remainder when 3291519 is divided by 13?
10
Calculate the remainder when 1405648 is divided by 508.
12
What is the remainder when 947 is divided by 116?
19
What is the remainder when 521748 is divided by 56?
52
Calculate the remainder when 1036037 is divided by 294.
275
Calculate the remainder when 15563 is divided by 3887.
15
Calculate the remainder when 202049 is divided by 35.
29
Calculate the remainder when 1550449 is divided by 1717.
1715
What is the remainder when 130633 is divided by 135?
88
What is the remainder when 1621 is divided by 13?
9
Calculate the remainder when 352320 is divided by 1159.
1143
What is the remainder when 2153 is divided by 724?
705
Calculate the remainder when 29389 is divided by 147.
136
Calculate the remainder when 8233 is divided by 238.
141
What is the remainder when 19897 is divided by 15?
7
What is the remainder when 1377181 is divided by 688585?
11
Calculate the remainder when 38377 is divided by 404.
401
Calculate the remainder when 584320 is divided by 26.
22
Calculate the remainder when 177207 is divided by 1721.
1665
What is the remainder when 68828 is divided by 514?
466
Calculate the remainder when 30588 is divided by 169.
168
What is the remainder when 851176 is divided by 1455?
1
What is the remainder when 11850 is divided by 3858?
276
What is the remainder when 3353 is divided by 156?
77
What is the remainder when 66089 is divided by 66085?
4
Calculate the remainder when 26902 is divided by 4475.
52
Calculate the remainder when 2052 is divided by 294.
288
Calculate the remainder when 346 is divided by 196.
150
What is the remainder when 17628 is divided by 239?
181
Calculate the remainder when 4910 is divided by 28.
10
Calculate the remainder when 4897169 is divided by 116.
113
Calculate the remainder when 2334 is divided by 13.
7
Calculate the remainder when 378 is divided by 163.
52
What is the remainder when 483204 is divided by 15?
9
Calculate the remainder when 6587 is divided by 28.
7
Calculate the remainder when 49800 is divided by 1310.
20
Calculate the remainder when 34742 is divided by 570.
542
What is the remainder when 81830 is divided by 10?
0
Calculate the remainder when 4636 is divided by 20.
16
Calculate the remainder when 446121 is divided by 84.
81
Calculate the remainder when 10064 is divided by 3341.
41
Calculate the remainder when 852131 is divided by 31.
3
Calculate the remainder when 5125 is divided by 1144.
549
Calculate the remainder when 261554 is divided by 2126.
56
What is the remainder when 14502 is divided by 7?
5
What is the remainder when 102277 is divided by 22?
21
Calculate the remainder when 1165 is divided by 251.
161
Calculate the remainder when 2474 is divided by 2263.
211
What is the remainder when 1806 is divided by 32?
14
Calculate the remainder when 15490 is divided by 13.
7
Calculate the remainder when 9355 is divided by 40.
35
What is the remainder when 18550 is divided by 40?
30
What is the remainder when 35970 is divided by 46?
44
What is the remainder when 726425 is divided by 100?
25
What is the remainder when 555296 is divided by 59?
47
What is the remainder when 10150 is divided by 846?
844
Calculate the remainder when 17669 is divided by 13.
2
What is the remainder when 20572 is divided by 861?
769
What is the remainder when 46240 is divided by 1399?
73
What is the remainder when 160125 is divided by 80058?
9
Calculate the remainder when 161 is divided by 95.
66
What is the remainder when 13908 is divided by 47?
43
What is the remainder when 137850 is divided by 18?
6
What is the remainder when 2585 is divided by 1089?
407
What is the remainder when 1683 is divided by 531?
90
Calculate the remainder when 2658 is divided by 26.
6
Calculate the remainder when 97926 is divided by 1008.
150
Calculate the remainder when 158896 is divided by 12.
4
What is the remainder when 9069 is divided by 3010?
39
Calculate the remainder when 1399709 is divided by 97.
96
Calculate the remainder when 61880 is divided by 25.
5
What is the remainder when 1141 is divided by 9?
7
Calculate the remainder when 3207 is divided by 42.
15
Calculate the remainder when 933 is 